on divisor of r and c?
13
Let d be 2 + (-3)/2*-2. Suppose -3*z + d = -25. Let o(j) = 5*j - 20. Let h be o(10). What is the greatest common divisor of z and h?
10
Suppose -20 = -4*b + 2*b + 2*m, -4*b + 2*m + 42 = 0. Suppose -u + 78 = p, 0 = -38*u + 35*u - 4*p + 235. What is the greatest common divisor of b and u?
11
Suppose -y + 6 = -4. Suppose -3*o + 3 = -t - 1, 4*o = -4. Let f(x) = -3*x + 4. Let m be f(t). Calculate the greatest common divisor of m and y.
5
Let s be 615/82 + 3/6. Let p be 4/14 + 222/7. Calculate the greatest common factor of p and s.
8
Suppose 2 + 12 = k - 3*g, k = 5*g + 18. Let a = 12 - k. What is the greatest common factor of a and 44?
4
Let m(r) = 6*r**2 + r. Let s be m(1). Let w(i) = 22*i**3 + 177*i**2 + 5*i + 11. Let g be w(-8). Calculate the greatest common factor of s and g.
7
Let d be ((-1)/((-5)/(-36)))/((-19)/95). Let o be 5/4*d/3. Calculate the highest common divisor of o and 15.
15
Suppose 0 = 2*g - f - 36, -g + 3*f - 335 = -353. What is the greatest common divisor of 66 and g?
6
Suppose -1363*k = -1364*k + 560. Calculate the greatest common divisor of 16 and k.
16
Suppose 4*f = -16, -f = -4*q + 44 + 8. Suppose 2*v - v - 79 = -i, -3*i = -5*v - 277. Calculate the highest common divisor of q and i.
12
Let l = -37 + 50. Suppose l*y - 15 = 8*y. What is the greatest common divisor of y and 3?
3
Suppose 20*c - 6*c - 196 = 0. Calculate the greatest common divisor of c and 448.
14
Let b be 2/(-22)*-2 - (-5916)/374. What is the greatest common divisor of b and 104?
8
Suppose 2*y - 99 = -3*o, o + 2*y + 2*y - 33 = 0. Let h be (-15)/(1 - 6) + 228. Calculate the highest common divisor of o and h.
33
Let m(c) = -2*c - 29. Suppose -66 = 9*s + 132. Let v be m(s). What is the greatest common divisor of 75 and v?
15
Suppose -97 = -7*y + 8*y. Let n = -37 - y. Calculate the greatest common divisor of n and 24.
12
Let x(k) = -5*k - 1. Suppose 9 = -r + 7. Let p be x(r). What is the highest common divisor of 9 and p?
9
Suppose -n = 4*d - 120, 2*n + d - 220 = 3*d. Let p be (-3)/(-8)*(-2 - -10). Suppose 0 = -p*h + 7*h - n. What is the greatest common divisor of 7 and h?
7
Suppose -c - 95 = -5*t, 10*c + 50 = 2*t + 12*c. Calculate the highest common factor of t and 140.
20
Suppose 11*d - 15*d = -12. Suppose d*g - 23 = -2. Calculate the highest common factor of 2 and g.
1
Suppose 0 = -8*u + 1 + 23. Suppose -u*d = -9 - 21. What is the greatest common factor of d and 110?
10
Suppose 4*d - 570 + 218 = 0. Let g(o) = o**2 + 10*o - 16. Let h be g(-12). What is the greatest common divisor of h and d?
8
Let x be 9/((-18)/(-44)) - 2. Suppose 16*v - x = 21*v. Let t be (-59)/v + 3/12. Calculate the highest common divisor of t and 60.
15
Let u be (-4)/18 + 23628/(-108). Let j = -145 - u. Let o be (-2)/(-2)*-3 + 188. Calculate the highest common factor of o and j.
37
Let a(d) = 2*d + 0*d - 2*d + 3 - d. Let t be a(-5). Let r be (6/t)/((-1)/(-36)). Calculate the highest common divisor of r and 18.
9
Let i be ((-2)/(-4))/(1/34). Suppose -167*x = -61 - 36 - 70. What is the greatest common divisor of i and x?
1
Let x(d) = 2*d**3 + 17*d**2 - 9*d + 3. Let h be x(-9). What is the highest common divisor of h and 81?
3
Suppose -4*g = 2*q + 14, -7 = 3*g + 4*q + 11. Let y be 0/g + -1 - -1. Suppose y*s = -4*s + 52. What is the greatest common factor of s and 65?
13
Let l(f) = 3 + 3*f**3 + 0 - 4*f**3 - 10*f - 9*f**2 + 5. Let o be l(-8). Calculate the highest common divisor of 16 and o.
8
Let o(f) = -43*f - 4. Let a be o(-3). Suppose -6*g + a = -67. Let t be 1*1*4*1. What is the highest common factor of t and g?
4
Let a(j) = -j**3 + 10*j**2 + 16*j - 11. Let d be a(-5). Calculate the highest common divisor of d and 4.
4
Let i(w) = -4*w - 123. Let p be i(-32). What is the highest common divisor of 55 and p?
5
Let p be 21/14*8/3. Suppose 5*k - p*x - 359 = 0, x + 143 = 2*k - 0*x. Suppose 4 = s - 2*s, -k = -5*t - s. Calculate the highest common factor of 10 and t.
5
Suppose 98*l = 81*l + 4335. What is the greatest common divisor of 105 and l?
15
Suppose j - 19 = -5*v + 2, -2*v + 5*j = -30. Suppose 432 = 7*i - v*i. Calculate the highest common divisor of 27 and i.
27
Let n(k) = -27*k - 124. Let c be n(-5). Calculate the greatest common divisor of c and 253.
11
Let n(x) = 83*x + 181. Let s be n(-2). Suppose 5*w - 4*w = 6. Calculate the highest common factor of s and w.
3
Let o be (-1)/(-22)*-4 + 92/22. Calculate the greatest common factor of 196 and o.
4
Let r(u) = 2*u**2 + 7*u - 6. Let h be r(-4). Let f be (-312)/(-42)*(-7)/h. Calculate the highest common factor of f and 182.
26
Suppose -2739*r - 390 = -2744*r. Calculate the greatest common divisor of r and 273.
39
Let c(r) = -r + 3. Let s be c(3). Suppose 5*z + s = 5. Let g be 63 + 0 + z + 0. Calculate the greatest common divisor of 8 and g.
8
Suppose -4*b + 804 = 5*v, 19*b - 17*b + 3*v = 404. Calculate the greatest common divisor of 28 and b.
28
Suppose -5*v - m = 3*m + 66, m + 44 = -4*v. Let k = v + 14. Suppose 0 = -2*t + 5*u + 15, -5 = -t - k*u + 9. Calculate the highest common factor of 90 and t.
10
Let i(d) = -d**3 - 7*d**2 - d + 5. Let a be i(-9). Suppose -7*y + 140 = -14. What is the highest common divisor of a and y?
22
Suppose 2*a = -0*a + 154. Suppose -7*o + a = -70. Calculate the highest common divisor of o and 3.
3
Suppose -5 = 3*m - 2. Let o = 6 + m. Suppose -o*s + 36 = 1. Calculate the greatest common factor of 77 and s.
7
Suppose -24*l + 102 = -21*l. What is the highest common factor of 952 and l?
34
Let d(u) = 17*u + 10. Let j be d(0). Let t = -17 + 24. Let s be 5*(-3 + 1 + t). Calculate the greatest common divisor of j and s.
5
Let v = -161 - -178. Calculate the highest common divisor of v and 17.
17
Let u = -7 + -56. Let l be (-18)/u - 1340/(-14). Calculate the highest common divisor of 12 and l.
12
Suppose 584 = -59*g + 60*g. What is the greatest common factor of g and 73?
73
Let j(x) be the third derivative of -7*x**4/12 - x**3/6 - 4*x**2. Let s be j(-2). Let q = 12 - 3. Calculate the highest common factor of s and q.
9
Suppose 5097*l - 13860 = 5092*l. What is the greatest common divisor of l and 77?
77
Let v(a) = 5*a**2 + 10*a - 45. Let m be v(6). What is the highest common factor of m and 117?
39
Suppose -s = -5*j + 270, 3*s + 11 = j - 43. What is the highest common divisor of 81 and j?
27
Let l = -610 + 626. What is the greatest common divisor of l and 24?
8
Let b(k) = -k**2 + 11*k + 2. Let f be b(12). Let s be 312/20 + (-4)/f. What is the greatest common divisor of 16 and s?
16
Suppose -11*r - 2 + 13 = 0. Suppose 5*t - 3*j - 5 = 0, -2*t - 2*j = -0*j - 2. Calculate the greatest common divisor of t and r.
1
Let i = 60 + -73. Let c = i + 18. Calculate the highest common divisor of c and 55.
5
Let o be 1 - (1 - (29 - 1)). Let k(a) = a - 6. Let j be k(8). Let n be j/(-15) + (-6312)/(-90). What is the highest common divisor of o and n?
14
Suppose 3*x - 30 = 2*x. Let a be (5/(5/4))/(56/84). Calculate the highest common factor of x and a.
6
Let j(h) = -6*h. Let x be j(0). Let f be (-2)/(-7) + x + 1530/35. What is the greatest common divisor of 11 and f?
11
Let f(u) = -185*u + 37. Let d be f(-3). What is the greatest common divisor of 74 and d?
74
Let m(s) = 2*s**2 - 3. Let a be m(-3). Let f be (-844)/9 - 22/99. Let p be f/(-10) + (-6)/(-10). What is the greatest common divisor of a and p?
5
Suppose 184 = 7*m - 1076. Calculate the greatest common divisor of m and 20.
20
Let f be (-3)/((-8)/2 + 3). Suppose 0 - 1 = -w - 4*x, 0 = -4*w - f*x + 4. What is the greatest common factor of 1 and w?
1
Let i be -4*4/(-104) - 32775/(-325). Calculate the greatest common factor of 3535 and i.
101
Let h(p) = -2*p**3 - 2*p**2 + 3*p - 6. Let m be h(-3). Let w = 32 + -18. Let a be (-79)/(-3) + w/m. Calculate the greatest common divisor of 108 and a.
27
Suppose -4*b = -5*a - 6*b + 2384, 4*a - 1912 = -4*b. What is the highest common divisor of 28 and a?
28
Let h be 2/6*318/2. Suppose -2*t + h = -11. Let l be ((-16)/(-12))/((-2)/(-120)). Calculate the greatest common divisor of t and l.
16
Suppose -h - 5 = 23. Let a = h + 54. Calculate the greatest common factor of 130 and a.
26
Let u(z) = -4*z**3 + 3*z**2 + 15*z + 6. Let r be u(-2). Calculate the greatest common divisor of 95 and r.
5
Let l be -1 + 1 + -144 + 4 + -2. Let j =